{"id":340,"date":"2014-09-19T12:46:59","date_gmt":"2014-09-19T09:46:59","guid":{"rendered":"http:\/\/www.serdarbeji.com\/?page_id=340"},"modified":"2015-02-02T15:12:04","modified_gmt":"2015-02-02T12:12:04","slug":"delft-deneyleri","status":"publish","type":"page","link":"http:\/\/www.serdarbeji.com\/?page_id=340","title":{"rendered":"DELFT DENEYLER\u0130"},"content":{"rendered":"<p style=\"text-align: justify;\">Delft Teknik \u00dcniversitesi&#8217;nde\u00a01991 y\u0131l\u0131nda ger\u00e7ekle\u015ftirilen ve \u00a0bir sualt\u0131 t\u00fcmse\u011fi \u00fczerinde ilerleyen dalgalara ili\u015fkin deneysel \u00e7al\u0131\u015fmalar\u0131n ayr\u0131nt\u0131lar\u0131n\u0131 i\u00e7eren bilgiler\u00a0alt sayfalarda verilmektedir.<\/p>\n","protected":false},"excerpt":{"rendered":"<p>Delft Teknik \u00dcniversitesi&#8217;nde\u00a01991 y\u0131l\u0131nda ger\u00e7ekle\u015ftirilen ve \u00a0bir sualt\u0131 t\u00fcmse\u011fi \u00fczerinde ilerleyen dalgalara ili\u015fkin deneysel \u00e7al\u0131\u015fmalar\u0131n ayr\u0131nt\u0131lar\u0131n\u0131 i\u00e7eren bilgiler\u00a0alt sayfalarda verilmektedir.<\/p>\n","protected":false},"author":1,"featured_media":0,"parent":0,"menu_order":0,"comment_status":"open","ping_status":"open","template":"","meta":{"footnotes":""},"class_list":["post-340","page","type-page","status-publish","hentry"],"_links":{"self":[{"href":"http:\/\/www.serdarbeji.com\/index.php?rest_route=\/wp\/v2\/pages\/340","targetHints":{"allow":["GET"]}}],"collection":[{"href":"http:\/\/www.serdarbeji.com\/index.php?rest_route=\/wp\/v2\/pages"}],"about":[{"href":"http:\/\/www.serdarbeji.com\/index.php?rest_route=\/wp\/v2\/types\/page"}],"author":[{"embeddable":true,"href":"http:\/\/www.serdarbeji.com\/index.php?rest_route=\/wp\/v2\/users\/1"}],"replies":[{"embeddable":true,"href":"http:\/\/www.serdarbeji.com\/index.php?rest_route=%2Fwp%2Fv2%2Fcomments&post=340"}],"version-history":[{"count":9,"href":"http:\/\/www.serdarbeji.com\/index.php?rest_route=\/wp\/v2\/pages\/340\/revisions"}],"predecessor-version":[{"id":403,"href":"http:\/\/www.serdarbeji.com\/index.php?rest_route=\/wp\/v2\/pages\/340\/revisions\/403"}],"wp:attachment":[{"href":"http:\/\/www.serdarbeji.com\/index.php?rest_route=%2Fwp%2Fv2%2Fmedia&parent=340"}],"curies":[{"name":"wp","href":"https:\/\/api.w.org\/{rel}","templated":true}]}}